{"id":8912,"date":"2024-12-20T08:39:22","date_gmt":"2024-12-20T07:39:22","guid":{"rendered":"https:\/\/villavieira.es\/datenschutzbestimmungen\/"},"modified":"2026-02-06T10:58:42","modified_gmt":"2026-02-06T09:58:42","slug":"datenschutzbestimmungen","status":"publish","type":"page","link":"https:\/\/villavieira.es\/de\/datenschutzbestimmungen\/","title":{"rendered":"Datenschutzbestimmungen"},"content":{"rendered":"\t\t<div data-elementor-type=\"wp-page\" data-elementor-id=\"8912\" class=\"elementor elementor-8912 elementor-3\" data-elementor-post-type=\"page\">\n\t\t\t\t<div class=\"elementor-element elementor-element-5f1e88a4 e-flex e-con-boxed e-con e-parent\" data-id=\"5f1e88a4\" data-element_type=\"container\">\n\t\t\t\t\t<div class=\"e-con-inner\">\n\t\t\t\t<div class=\"elementor-element elementor-element-5579c765 elementor-widget elementor-widget-text-editor\" data-id=\"5579c765\" data-element_type=\"widget\" data-widget_type=\"text-editor.default\">\n\t\t\t\t<div class=\"elementor-widget-container\">\n\t\t\t\t\t\t\t\t\t<section><h1><span style=\"font-family: inherit; font-size: 2rem; text-align: var(--text-align);\">Wer sind wir?<\/span><\/h1><p>Unsere Website-Adresse lautet: <a href=\"https:\/\/villavieira.es\/de\/\" target=\"_blank\" rel=\"noopener\">https:\/\/villavieira.es.<\/a><\/p><p> <\/p><ul style=\"-webkit-font-smoothing: antialiased; margin: 0px 0px 15px 30px; padding: 0px; font-width: inherit; font-size: 14px; line-height: inherit; font-family: Poppins, Helvetica, Arial, sans-serif; font-size-adjust: inherit; font-kerning: inherit; font-variant-alternates: inherit; font-variant-ligatures: inherit; font-variant-numeric: inherit; font-variant-east-asian: inherit; font-variant-position: inherit; font-feature-settings: inherit; font-optical-sizing: inherit; font-variation-settings: inherit; list-style: outside; color: #737e86;\"><li style=\"box-sizing: inherit; -webkit-font-smoothing: antialiased; margin: 0px 0px 10px; padding: 0px; font-style: inherit; font-variant-caps: inherit; font-width: inherit; font-size: inherit; line-height: inherit; font-family: inherit; font-size-adjust: inherit; font-kerning: inherit; font-variant-alternates: inherit; font-variant-ligatures: inherit; font-variant-numeric: inherit; font-variant-east-asian: inherit; font-variant-position: inherit; font-feature-settings: inherit; font-optical-sizing: inherit; font-variation-settings: inherit;\"><div><b>HANDELSNAME<\/b>: VILLA VIEIRA<\/div><\/li><li style=\"box-sizing: inherit; -webkit-font-smoothing: antialiased; margin: 0px 0px 10px; padding: 0px; font-style: inherit; font-variant-caps: inherit; font-width: inherit; font-size: inherit; line-height: inherit; font-family: inherit; font-size-adjust: inherit; font-kerning: inherit; font-variant-alternates: inherit; font-variant-ligatures: inherit; font-variant-numeric: inherit; font-variant-east-asian: inherit; font-variant-position: inherit; font-feature-settings: inherit; font-optical-sizing: inherit; font-variation-settings: inherit;\"><div><b>NAME DES UNTERNEHMENS<\/b>: CAMI\u00d1O DA VIEIRA S.L.<\/div><\/li><li style=\"box-sizing: inherit; -webkit-font-smoothing: antialiased; margin: 0px 0px 10px; padding: 0px; font-style: inherit; font-variant-caps: inherit; font-width: inherit; font-size: inherit; line-height: inherit; font-family: inherit; font-size-adjust: inherit; font-kerning: inherit; font-variant-alternates: inherit; font-variant-ligatures: inherit; font-variant-numeric: inherit; font-variant-east-asian: inherit; font-variant-position: inherit; font-feature-settings: inherit; font-optical-sizing: inherit; font-variation-settings: inherit;\"><div><b>CIF <\/b>: B13645114<\/div><\/li><li style=\"box-sizing: inherit; -webkit-font-smoothing: antialiased; margin: 0px 0px 10px; padding: 0px; font-style: inherit; font-variant-caps: inherit; font-width: inherit; font-size: inherit; line-height: inherit; font-family: inherit; font-size-adjust: inherit; font-kerning: inherit; font-variant-alternates: inherit; font-variant-ligatures: inherit; font-variant-numeric: inherit; font-variant-east-asian: inherit; font-variant-position: inherit; font-feature-settings: inherit; font-optical-sizing: inherit; font-variation-settings: inherit;\"><div><b>ADRESSE DER HERBERGE<\/b>: ESCRAVITUDE 31 &#8211; 15980 &#8211; PADRON &#8211; A CORU\u00d1A<\/div><\/li><\/ul><h2> <\/h2><h2>Kommentare<\/h2><p>Wenn Besucher Kommentare auf der Website hinterlassen, sammeln wir die Daten, die im Kommentarformular angezeigt werden, sowie die IP-Adresse des Besuchers und den User-Agent-String des Browsers, um die Spam-Erkennung zu unterst\u00fctzen.<\/p><p>Eine anonymisierte Zeichenfolge, die aus Ihrer E-Mail-Adresse erstellt wird (auch Hash genannt), kann dem Gravatar-Dienst zur Verf\u00fcgung gestellt werden, um zu \u00fcberpr\u00fcfen, ob Sie ihn verwenden. Die Datenschutzbestimmungen von Gravatar finden Sie hier: <a href=\"https:\/\/automattic.com\/privacy\/\" target=\"_blank\" rel=\"noopener\">https:\/\/automattic.com\/privacy\/.<\/a> Nach der Genehmigung Ihres Kommentars wird Ihr Profilbild im Kontext Ihres Kommentars f\u00fcr die \u00d6ffentlichkeit sichtbar sein.  <\/p><h2> <\/h2><h2>Medien<\/h2><p>Wenn Sie Bilder auf die Website hochladen, sollten Sie es vermeiden, Bilder hochzuladen, die Standortdaten (EXIF GPS) enthalten. Besucher der Website k\u00f6nnen Standortdaten von den auf der Website ver\u00f6ffentlichten Bildern herunterladen und extrahieren. <\/p><h2> <\/h2><h2>Cookies<\/h2><p>Wenn Sie einen Kommentar auf unserer Website hinterlassen, k\u00f6nnen Sie festlegen, dass Ihr Name, Ihre E-Mail-Adresse und Ihre Website in Cookies gespeichert werden. Dies dient Ihrer Bequemlichkeit, damit Sie Ihre Daten nicht erneut eingeben m\u00fcssen, wenn Sie einen weiteren Kommentar hinterlassen. Diese Cookies sind ein Jahr lang g\u00fcltig.  <\/p><p>Wenn Sie unsere Anmeldeseite besuchen, wird ein tempor\u00e4res Cookie gesetzt, um festzustellen, ob Ihr Browser Cookies zul\u00e4sst. Dieses Cookie enth\u00e4lt keine pers\u00f6nlichen Daten und wird gel\u00f6scht, wenn Sie Ihren Browser schlie\u00dfen. <\/p><p>Wenn Sie sich anmelden, setzen wir au\u00dferdem mehrere Cookies, um Ihre Anmeldeinformationen und Anzeigeoptionen zu speichern. Die Cookies f\u00fcr die Anmeldung bleiben zwei Tage lang gespeichert, die Cookies f\u00fcr die Anzeigeoptionen ein Jahr lang. Wenn Sie &#8222;Angemeldet bleiben&#8220; w\u00e4hlen, wird Ihre Anmeldung zwei Wochen lang gespeichert. Wenn Sie sich abmelden, werden Ihre Anmelde-Cookies gel\u00f6scht.   <\/p><p>Wenn Sie einen Artikel bearbeiten oder ver\u00f6ffentlichen, wird ein zus\u00e4tzliches Cookie in Ihrem Browser gespeichert. Dieses Cookie enth\u00e4lt keine pers\u00f6nlichen Daten und zeigt lediglich die ID des Artikels an, den Sie gerade bearbeitet haben. Er verf\u00e4llt nach einem Tag.  <\/p><h2> <\/h2><h2>Eingebettete Inhalte von anderen Websites<\/h2><p>Die Artikel auf dieser Website k\u00f6nnen eingebettete Inhalte (z. B. Videos, Bilder, Artikel usw.) enthalten. Eingebettete Inhalte von anderen Websites verhalten sich genau so, als ob der Besucher die andere Website besucht h\u00e4tte. <\/p><p>Diese Websites k\u00f6nnen Daten \u00fcber Sie sammeln, Cookies verwenden, zus\u00e4tzliche Tracking-Inhalte von Dritten einbetten und Ihre Interaktion mit diesen eingebetteten Inhalten \u00fcberwachen, einschlie\u00dflich der Verfolgung Ihrer Interaktion, wenn Sie ein Konto haben und auf dieser Website eingeloggt sind.<\/p><h2> <\/h2><h2>Mit wem wir Ihre Daten teilen<\/h2><p>Wenn Sie eine Passwortr\u00fccksetzung anfordern, wird Ihre IP-Adresse in der R\u00fccksetzungs-E-Mail enthalten sein.<\/p><h2> <\/h2><h2>Wie lange wir Ihre Daten aufbewahren<\/h2><p>Wenn Sie einen Kommentar hinterlassen, werden der Kommentar und seine Metadaten auf unbestimmte Zeit gespeichert. Auf diese Weise k\u00f6nnen nachfolgende Kommentare automatisch erkannt und genehmigt werden, anstatt in einer Warteschlange f\u00fcr die Moderation zu landen. <\/p><p>F\u00fcr Benutzer, die sich auf unserer Website registrieren (falls vorhanden), speichern wir auch die pers\u00f6nlichen Daten, die sie in ihrem Benutzerprofil angeben. Alle Benutzer k\u00f6nnen ihre pers\u00f6nlichen Daten jederzeit einsehen, bearbeiten oder l\u00f6schen (mit Ausnahme ihres Benutzernamens). Auch Website-Administratoren k\u00f6nnen diese Informationen einsehen und bearbeiten.  <\/p><h2> <\/h2><h2>Welche Rechte Sie \u00fcber Ihre Daten haben<\/h2><p>Wenn Sie ein Konto auf dieser Website haben oder Kommentare hinterlassen haben, k\u00f6nnen Sie eine exportierte Datei mit den personenbezogenen Daten anfordern, die wir \u00fcber Sie gespeichert haben, einschlie\u00dflich der Daten, die Sie uns zur Verf\u00fcgung gestellt haben. Sie k\u00f6nnen auch verlangen, dass wir alle personenbezogenen Daten, die wir \u00fcber Sie gespeichert haben, l\u00f6schen. Dies gilt nicht f\u00fcr Daten, die wir aus administrativen, rechtlichen oder Sicherheitsgr\u00fcnden aufbewahren m\u00fcssen.  <\/p><h2> <\/h2><h2>Wohin wir Ihre Daten senden<\/h2><p>Die Kommentare der Besucher k\u00f6nnen von einem automatischen Spam-Erkennungsdienst \u00fcberpr\u00fcft werden.<\/p><\/section>\t\t\t\t\t\t\t\t<\/div>\n\t\t\t\t<\/div>\n\t\t\t\t\t<\/div>\n\t\t\t\t<\/div>\n\t\t\t\t<\/div>\n\t\t","protected":false},"excerpt":{"rendered":"<p>Wer sind wir? Unsere Website-Adresse lautet: https:\/\/villavieira.es. HANDELSNAME: VILLA VIEIRA NAME DES UNTERNEHMENS: CAMI\u00d1O DA VIEIRA S.L. CIF : B13645114 ADRESSE DER HERBERGE: ESCRAVITUDE 31 &#8211; 15980 &#8211; PADRON &#8211; A CORU\u00d1A Kommentare Wenn Besucher Kommentare auf der Website hinterlassen, sammeln wir die Daten, die im Kommentarformular angezeigt werden, sowie die IP-Adresse des Besuchers und [&hellip;]<\/p>\n","protected":false},"author":1,"featured_media":0,"parent":0,"menu_order":0,"comment_status":"closed","ping_status":"closed","template":"","meta":{"_acf_changed":false,"footnotes":""},"class_list":["post-8912","page","type-page","status-publish","hentry"],"acf":[],"_links":{"self":[{"href":"https:\/\/villavieira.es\/de\/wp-json\/wp\/v2\/pages\/8912","targetHints":{"allow":["GET"]}}],"collection":[{"href":"https:\/\/villavieira.es\/de\/wp-json\/wp\/v2\/pages"}],"about":[{"href":"https:\/\/villavieira.es\/de\/wp-json\/wp\/v2\/types\/page"}],"author":[{"embeddable":true,"href":"https:\/\/villavieira.es\/de\/wp-json\/wp\/v2\/users\/1"}],"replies":[{"embeddable":true,"href":"https:\/\/villavieira.es\/de\/wp-json\/wp\/v2\/comments?post=8912"}],"version-history":[{"count":2,"href":"https:\/\/villavieira.es\/de\/wp-json\/wp\/v2\/pages\/8912\/revisions"}],"predecessor-version":[{"id":9211,"href":"https:\/\/villavieira.es\/de\/wp-json\/wp\/v2\/pages\/8912\/revisions\/9211"}],"wp:attachment":[{"href":"https:\/\/villavieira.es\/de\/wp-json\/wp\/v2\/media?parent=8912"}],"curies":[{"name":"wp","href":"https:\/\/api.w.org\/{rel}","templated":true}]}}

<div data-elementor-type="wp-page" data-elementor-id="8912" class="elementor elementor-8912 elementor-3" data-elementor-post-type="page">
				<div class="elementor-element elementor-element-5f1e88a4 e-flex e-con-boxed e-con e-parent" data-id="5f1e88a4" data-element_type="container">
					<div class="e-con-inner">
				<div class="elementor-element elementor-element-5579c765 elementor-widget elementor-widget-text-editor" data-id="5579c765" data-element_type="widget" data-widget_type="text-editor.default">
				<div class="elementor-widget-container">
									<section><h1><span style="font-family: inherit; font-size: 2rem; text-align: var(--text-align);">Wer sind wir?</span></h1><p>Unsere Website-Adresse lautet: <a href="https://villavieira.es/de/" target="_blank" rel="noopener">https://villavieira.es.</a></p><p> </p><ul style="-webkit-font-smoothing: antialiased; margin: 0px 0px 15px 30px; padding: 0px; font-width: inherit; font-size: 14px; line-height: inherit; font-family: Poppins, Helvetica, Arial, sans-serif; font-size-adjust: inherit; font-kerning: inherit; font-variant-alternates: inherit; font-variant-ligatures: inherit; font-variant-numeric: inherit; font-variant-east-asian: inherit; font-variant-position: inherit; font-feature-settings: inherit; font-optical-sizing: inherit; font-variation-settings: inherit; list-style: outside; color: #737e86;"><li style="box-sizing: inherit; -webkit-font-smoothing: antialiased; margin: 0px 0px 10px; padding: 0px; font-style: inherit; font-variant-caps: inherit; font-width: inherit; font-size: inherit; line-height: inherit; font-family: inherit; font-size-adjust: inherit; font-kerning: inherit; font-variant-alternates: inherit; font-variant-ligatures: inherit; font-variant-numeric: inherit; font-variant-east-asian: inherit; font-variant-position: inherit; font-feature-settings: inherit; font-optical-sizing: inherit; font-variation-settings: inherit;"><div><b>HANDELSNAME</b>: VILLA VIEIRA</div></li><li style="box-sizing: inherit; -webkit-font-smoothing: antialiased; margin: 0px 0px 10px; padding: 0px; font-style: inherit; font-variant-caps: inherit; font-width: inherit; font-size: inherit; line-height: inherit; font-family: inherit; font-size-adjust: inherit; font-kerning: inherit; font-variant-alternates: inherit; font-variant-ligatures: inherit; font-variant-numeric: inherit; font-variant-east-asian: inherit; font-variant-position: inherit; font-feature-settings: inherit; font-optical-sizing: inherit; font-variation-settings: inherit;"><div><b>NAME DES UNTERNEHMENS</b>: CAMIÑO DA VIEIRA S.L.</div></li><li style="box-sizing: inherit; -webkit-font-smoothing: antialiased; margin: 0px 0px 10px; padding: 0px; font-style: inherit; font-variant-caps: inherit; font-width: inherit; font-size: inherit; line-height: inherit; font-family: inherit; font-size-adjust: inherit; font-kerning: inherit; font-variant-alternates: inherit; font-variant-ligatures: inherit; font-variant-numeric: inherit; font-variant-east-asian: inherit; font-variant-position: inherit; font-feature-settings: inherit; font-optical-sizing: inherit; font-variation-settings: inherit;"><div><b>CIF </b>: B13645114</div></li><li style="box-sizing: inherit; -webkit-font-smoothing: antialiased; margin: 0px 0px 10px; padding: 0px; font-style: inherit; font-variant-caps: inherit; font-width: inherit; font-size: inherit; line-height: inherit; font-family: inherit; font-size-adjust: inherit; font-kerning: inherit; font-variant-alternates: inherit; font-variant-ligatures: inherit; font-variant-numeric: inherit; font-variant-east-asian: inherit; font-variant-position: inherit; font-feature-settings: inherit; font-optical-sizing: inherit; font-variation-settings: inherit;"><div><b>ADRESSE DER HERBERGE</b>: ESCRAVITUDE 31 &#8211; 15980 &#8211; PADRON &#8211; A CORUÑA</div></li></ul><h2> </h2><h2>Kommentare</h2><p>Wenn Besucher Kommentare auf der Website hinterlassen, sammeln wir die Daten, die im Kommentarformular angezeigt werden, sowie die IP-Adresse des Besuchers und den User-Agent-String des Browsers, um die Spam-Erkennung zu unterstützen.</p><p>Eine anonymisierte Zeichenfolge, die aus Ihrer E-Mail-Adresse erstellt wird (auch Hash genannt), kann dem Gravatar-Dienst zur Verfügung gestellt werden, um zu überprüfen, ob Sie ihn verwenden. Die Datenschutzbestimmungen von Gravatar finden Sie hier: <a href="https://automattic.com/privacy/" target="_blank" rel="noopener">https://automattic.com/privacy/.</a> Nach der Genehmigung Ihres Kommentars wird Ihr Profilbild im Kontext Ihres Kommentars für die Öffentlichkeit sichtbar sein.  </p><h2> </h2><h2>Medien</h2><p>Wenn Sie Bilder auf die Website hochladen, sollten Sie es vermeiden, Bilder hochzuladen, die Standortdaten (EXIF GPS) enthalten. Besucher der Website können Standortdaten von den auf der Website veröffentlichten Bildern herunterladen und extrahieren. </p><h2> </h2><h2>Cookies</h2><p>Wenn Sie einen Kommentar auf unserer Website hinterlassen, können Sie festlegen, dass Ihr Name, Ihre E-Mail-Adresse und Ihre Website in Cookies gespeichert werden. Dies dient Ihrer Bequemlichkeit, damit Sie Ihre Daten nicht erneut eingeben müssen, wenn Sie einen weiteren Kommentar hinterlassen. Diese Cookies sind ein Jahr lang gültig.  </p><p>Wenn Sie unsere Anmeldeseite besuchen, wird ein temporäres Cookie gesetzt, um festzustellen, ob Ihr Browser Cookies zulässt. Dieses Cookie enthält keine persönlichen Daten und wird gelöscht, wenn Sie Ihren Browser schließen. </p><p>Wenn Sie sich anmelden, setzen wir außerdem mehrere Cookies, um Ihre Anmeldeinformationen und Anzeigeoptionen zu speichern. Die Cookies für die Anmeldung bleiben zwei Tage lang gespeichert, die Cookies für die Anzeigeoptionen ein Jahr lang. Wenn Sie &#8222;Angemeldet bleiben&#8220; wählen, wird Ihre Anmeldung zwei Wochen lang gespeichert. Wenn Sie sich abmelden, werden Ihre Anmelde-Cookies gelöscht.   </p><p>Wenn Sie einen Artikel bearbeiten oder veröffentlichen, wird ein zusätzliches Cookie in Ihrem Browser gespeichert. Dieses Cookie enthält keine persönlichen Daten und zeigt lediglich die ID des Artikels an, den Sie gerade bearbeitet haben. Er verfällt nach einem Tag.  </p><h2> </h2><h2>Eingebettete Inhalte von anderen Websites</h2><p>Die Artikel auf dieser Website können eingebettete Inhalte (z. B. Videos, Bilder, Artikel usw.) enthalten. Eingebettete Inhalte von anderen Websites verhalten sich genau so, als ob der Besucher die andere Website besucht hätte. </p><p>Diese Websites können Daten über Sie sammeln, Cookies verwenden, zusätzliche Tracking-Inhalte von Dritten einbetten und Ihre Interaktion mit diesen eingebetteten Inhalten überwachen, einschließlich der Verfolgung Ihrer Interaktion, wenn Sie ein Konto haben und auf dieser Website eingeloggt sind.</p><h2> </h2><h2>Mit wem wir Ihre Daten teilen</h2><p>Wenn Sie eine Passwortrücksetzung anfordern, wird Ihre IP-Adresse in der Rücksetzungs-E-Mail enthalten sein.</p><h2> </h2><h2>Wie lange wir Ihre Daten aufbewahren</h2><p>Wenn Sie einen Kommentar hinterlassen, werden der Kommentar und seine Metadaten auf unbestimmte Zeit gespeichert. Auf diese Weise können nachfolgende Kommentare automatisch erkannt und genehmigt werden, anstatt in einer Warteschlange für die Moderation zu landen. </p><p>Für Benutzer, die sich auf unserer Website registrieren (falls vorhanden), speichern wir auch die persönlichen Daten, die sie in ihrem Benutzerprofil angeben. Alle Benutzer können ihre persönlichen Daten jederzeit einsehen, bearbeiten oder löschen (mit Ausnahme ihres Benutzernamens). Auch Website-Administratoren können diese Informationen einsehen und bearbeiten.  </p><h2> </h2><h2>Welche Rechte Sie über Ihre Daten haben</h2><p>Wenn Sie ein Konto auf dieser Website haben oder Kommentare hinterlassen haben, können Sie eine exportierte Datei mit den personenbezogenen Daten anfordern, die wir über Sie gespeichert haben, einschließlich der Daten, die Sie uns zur Verfügung gestellt haben. Sie können auch verlangen, dass wir alle personenbezogenen Daten, die wir über Sie gespeichert haben, löschen. Dies gilt nicht für Daten, die wir aus administrativen, rechtlichen oder Sicherheitsgründen aufbewahren müssen.  </p><h2> </h2><h2>Wohin wir Ihre Daten senden</h2><p>Die Kommentare der Besucher können von einem automatischen Spam-Erkennungsdienst überprüft werden.</p></section>								</div>
				</div>
					</div>
				</div>
				</div>

<p>Wer sind wir? Unsere Website-Adresse lautet: https://villavieira.es. HANDELSNAME: VILLA VIEIRA NAME DES UNTERNEHMENS: CAMIÑO DA VIEIRA S.L. CIF : B13645114 ADRESSE DER HERBERGE: ESCRAVITUDE 31 &#8211; 15980 &#8211; PADRON &#8211; A CORUÑA Kommentare Wenn Besucher Kommentare auf der Website hinterlassen, sammeln wir die Daten, die im Kommentarformular angezeigt werden, sowie die IP-Adresse des Besuchers und [&hellip;]</p>
