{"id":8984,"date":"2025-01-15T12:03:41","date_gmt":"2025-01-15T11:03:41","guid":{"rendered":"https:\/\/villavieira.es\/regles-dutilisation\/"},"modified":"2025-06-29T12:21:12","modified_gmt":"2025-06-29T10:21:12","slug":"regles-dutilisation","status":"publish","type":"page","link":"https:\/\/villavieira.es\/fr\/regles-dutilisation\/","title":{"rendered":"R\u00e8gles d&rsquo;utilisation"},"content":{"rendered":"\t\t<div data-elementor-type=\"wp-page\" data-elementor-id=\"8984\" class=\"elementor elementor-8984 elementor-6993\" data-elementor-post-type=\"page\">\n\t\t\t\t<div class=\"elementor-element elementor-element-5b6d6a1 e-flex e-con-boxed e-con e-parent\" data-id=\"5b6d6a1\" data-element_type=\"container\">\n\t\t\t\t\t<div class=\"e-con-inner\">\n\t\t\t\t<div class=\"elementor-element elementor-element-5bbfc597 elementor-widget elementor-widget-text-editor\" data-id=\"5bbfc597\" data-element_type=\"widget\" data-widget_type=\"text-editor.default\">\n\t\t\t\t<div class=\"elementor-widget-container\">\n\t\t\t\t\t\t\t\t\t<section>\n<h1><span style=\"text-align: var(--text-align); font-size: 1rem;\">\u00c0 la Villa Vieira, nous souhaitons que tous nos h\u00f4tes passent un s\u00e9jour confortable, s\u00fbr et respectueux. \u00c0 cette fin, nous vous demandons de respecter les r\u00e8gles de coexistence suivantes : <\/span><\/h1>\n<h2> <\/h2>\n<h2>A propos des chambres<\/h2>\n<ul>\n<li>Toutes les chambres sont \u00e9quip\u00e9es de draps de qualit\u00e9, de serviettes et d&rsquo;une bouteille d&rsquo;eau gratuite.<\/li>\n<li>Les salles de bains sont communes, mais \u00e0 usage individuel, afin de garantir votre intimit\u00e9.<\/li>\n<li>Les installations sont nettoy\u00e9es quotidiennement afin d&rsquo;offrir un environnement agr\u00e9able \u00e0 tous.<\/li>\n<li>Les draps et les serviettes sont chang\u00e9s apr\u00e8s le d\u00e9part de chaque client ou toutes les trois nuits pour les s\u00e9jours plus longs.<\/li>\n<\/ul>\n<h2> <\/h2>\n<h2>R\u00e8gles de conduite<\/h2>\n<ul>\n<li>Le respect des autres p\u00e8lerins et du personnel est fondamental. Nous faisons tous partie de la bonne ambiance de Villa Vieira. <\/li>\n<li>Les heures de silence doivent \u00eatre respect\u00e9es dans les chambres de 22h00 \u00e0 8h00, et dans l&rsquo;ensemble de l&rsquo;auberge de 23h00 \u00e0 8h00.<\/li>\n<li>Il est strictement interdit de fumer dans tout espace int\u00e9rieur.<\/li>\n<li>Aucune nourriture ou boisson ne peut \u00eatre stock\u00e9e, cuisin\u00e9e ou consomm\u00e9e \u00e0 l&rsquo;int\u00e9rieur des salles.<\/li>\n<li>Le petit-d\u00e9jeuner buffet est inclus dans votre tarif. Vous pouvez le d\u00e9guster \u00e0 votre rythme tous les matins. <\/li>\n<\/ul>\n<h2> <\/h2>\n<h2>Utilisation des installations<\/h2>\n<ul>\n<li>La cuisine et la buanderie sont \u00e0 la disposition de tous les h\u00f4tes. Veuillez utiliser les ustensiles de mani\u00e8re responsable et laisser tout propre apr\u00e8s utilisation. <\/li>\n<li>Le service de cuisine est \u00e0 l&rsquo;usage exclusif des h\u00f4tes et les repas doivent \u00eatre pris dans les espaces pr\u00e9vus \u00e0 cet effet (cuisine ou salle \u00e0 manger).<\/li>\n<li>Nous disposons d&rsquo;une connexion wifi gratuite dans tous les espaces communs et dans les chambres.<\/li>\n<li>Pour des raisons d&rsquo;ordre et de s\u00e9curit\u00e9, il est interdit de modifier le mobilier ou de sortir des objets de l&rsquo;auberge.<\/li>\n<\/ul>\n<h2> <\/h2>\n<h2>Responsabilit\u00e9s des invit\u00e9s<\/h2>\n<ul>\n<li>Tout dommage ou vol sera indemnis\u00e9 par la partie responsable selon l&rsquo;\u00e9valuation faite par la direction.<\/li>\n<li>La d\u00e9t\u00e9rioration ou le vol de textiles tels que les draps ou les serviettes seront sanctionn\u00e9s \u00e0 hauteur de 6\u20ac par unit\u00e9.<\/li>\n<li>Si vous constatez un incident, veuillez en informer le personnel de l&rsquo;auberge d\u00e8s que possible.<\/li>\n<\/ul>\n<h2> <\/h2>\n<h2>Autres consid\u00e9rations<\/h2>\n<ul>\n<li>Nous disposons d&rsquo;une trousse de premiers secours pour les petites urgences, mais nous n&rsquo;avons pas de personnel m\u00e9dical.<\/li>\n<li>Pour des raisons de s\u00e9curit\u00e9 et d&rsquo;hygi\u00e8ne, les animaux domestiques ne sont pas admis dans nos locaux.<\/li>\n<li>Les visites de non-invit\u00e9s doivent \u00eatre autoris\u00e9es \u00e0 l&rsquo;avance par la direction de l&rsquo;auberge.<\/li>\n<\/ul>\n<p> <\/p>\n<p>Merci de respecter ces r\u00e8gles. Ensemble, nous faisons de Villa Vieira un lieu id\u00e9al pour se reposer, partager et profiter du Camino de Santiago. <\/p>\n<\/section>\t\t\t\t\t\t\t\t<\/div>\n\t\t\t\t<\/div>\n\t\t\t\t\t<\/div>\n\t\t\t\t<\/div>\n\t\t\t\t<\/div>\n\t\t","protected":false},"excerpt":{"rendered":"<p>\u00c0 la Villa Vieira, nous souhaitons que tous nos h\u00f4tes passent un s\u00e9jour confortable, s\u00fbr et respectueux. \u00c0 cette fin, nous vous demandons de respecter les r\u00e8gles de coexistence suivantes : A propos des chambres Toutes les chambres sont \u00e9quip\u00e9es de draps de qualit\u00e9, de serviettes et d&rsquo;une bouteille d&rsquo;eau gratuite. Les salles de bains [&hellip;]<\/p>\n","protected":false},"author":1,"featured_media":0,"parent":0,"menu_order":0,"comment_status":"closed","ping_status":"closed","template":"","meta":{"_acf_changed":false,"footnotes":""},"class_list":["post-8984","page","type-page","status-publish","hentry"],"acf":[],"_links":{"self":[{"href":"https:\/\/villavieira.es\/fr\/wp-json\/wp\/v2\/pages\/8984","targetHints":{"allow":["GET"]}}],"collection":[{"href":"https:\/\/villavieira.es\/fr\/wp-json\/wp\/v2\/pages"}],"about":[{"href":"https:\/\/villavieira.es\/fr\/wp-json\/wp\/v2\/types\/page"}],"author":[{"embeddable":true,"href":"https:\/\/villavieira.es\/fr\/wp-json\/wp\/v2\/users\/1"}],"replies":[{"embeddable":true,"href":"https:\/\/villavieira.es\/fr\/wp-json\/wp\/v2\/comments?post=8984"}],"version-history":[{"count":1,"href":"https:\/\/villavieira.es\/fr\/wp-json\/wp\/v2\/pages\/8984\/revisions"}],"predecessor-version":[{"id":8985,"href":"https:\/\/villavieira.es\/fr\/wp-json\/wp\/v2\/pages\/8984\/revisions\/8985"}],"wp:attachment":[{"href":"https:\/\/villavieira.es\/fr\/wp-json\/wp\/v2\/media?parent=8984"}],"curies":[{"name":"wp","href":"https:\/\/api.w.org\/{rel}","templated":true}]}}

Règles d&rsquo;utilisation

<div data-elementor-type="wp-page" data-elementor-id="8984" class="elementor elementor-8984 elementor-6993" data-elementor-post-type="page">
				<div class="elementor-element elementor-element-5b6d6a1 e-flex e-con-boxed e-con e-parent" data-id="5b6d6a1" data-element_type="container">
					<div class="e-con-inner">
				<div class="elementor-element elementor-element-5bbfc597 elementor-widget elementor-widget-text-editor" data-id="5bbfc597" data-element_type="widget" data-widget_type="text-editor.default">
				<div class="elementor-widget-container">
									<section>
<h1><span style="text-align: var(--text-align); font-size: 1rem;">À la Villa Vieira, nous souhaitons que tous nos hôtes passent un séjour confortable, sûr et respectueux. À cette fin, nous vous demandons de respecter les règles de coexistence suivantes : </span></h1>
<h2> </h2>
<h2>A propos des chambres</h2>
<ul>
<li>Toutes les chambres sont équipées de draps de qualité, de serviettes et d&rsquo;une bouteille d&rsquo;eau gratuite.</li>
<li>Les salles de bains sont communes, mais à usage individuel, afin de garantir votre intimité.</li>
<li>Les installations sont nettoyées quotidiennement afin d&rsquo;offrir un environnement agréable à tous.</li>
<li>Les draps et les serviettes sont changés après le départ de chaque client ou toutes les trois nuits pour les séjours plus longs.</li>
</ul>
<h2> </h2>
<h2>Règles de conduite</h2>
<ul>
<li>Le respect des autres pèlerins et du personnel est fondamental. Nous faisons tous partie de la bonne ambiance de Villa Vieira. </li>
<li>Les heures de silence doivent être respectées dans les chambres de 22h00 à 8h00, et dans l&rsquo;ensemble de l&rsquo;auberge de 23h00 à 8h00.</li>
<li>Il est strictement interdit de fumer dans tout espace intérieur.</li>
<li>Aucune nourriture ou boisson ne peut être stockée, cuisinée ou consommée à l&rsquo;intérieur des salles.</li>
<li>Le petit-déjeuner buffet est inclus dans votre tarif. Vous pouvez le déguster à votre rythme tous les matins. </li>
</ul>
<h2> </h2>
<h2>Utilisation des installations</h2>
<ul>
<li>La cuisine et la buanderie sont à la disposition de tous les hôtes. Veuillez utiliser les ustensiles de manière responsable et laisser tout propre après utilisation. </li>
<li>Le service de cuisine est à l&rsquo;usage exclusif des hôtes et les repas doivent être pris dans les espaces prévus à cet effet (cuisine ou salle à manger).</li>
<li>Nous disposons d&rsquo;une connexion wifi gratuite dans tous les espaces communs et dans les chambres.</li>
<li>Pour des raisons d&rsquo;ordre et de sécurité, il est interdit de modifier le mobilier ou de sortir des objets de l&rsquo;auberge.</li>
</ul>
<h2> </h2>
<h2>Responsabilités des invités</h2>
<ul>
<li>Tout dommage ou vol sera indemnisé par la partie responsable selon l&rsquo;évaluation faite par la direction.</li>
<li>La détérioration ou le vol de textiles tels que les draps ou les serviettes seront sanctionnés à hauteur de 6€ par unité.</li>
<li>Si vous constatez un incident, veuillez en informer le personnel de l&rsquo;auberge dès que possible.</li>
</ul>
<h2> </h2>
<h2>Autres considérations</h2>
<ul>
<li>Nous disposons d&rsquo;une trousse de premiers secours pour les petites urgences, mais nous n&rsquo;avons pas de personnel médical.</li>
<li>Pour des raisons de sécurité et d&rsquo;hygiène, les animaux domestiques ne sont pas admis dans nos locaux.</li>
<li>Les visites de non-invités doivent être autorisées à l&rsquo;avance par la direction de l&rsquo;auberge.</li>
</ul>
<p> </p>
<p>Merci de respecter ces règles. Ensemble, nous faisons de Villa Vieira un lieu idéal pour se reposer, partager et profiter du Camino de Santiago. </p>
</section>								</div>
				</div>
					</div>
				</div>
				</div>

<p>À la Villa Vieira, nous souhaitons que tous nos hôtes passent un séjour confortable, sûr et respectueux. À cette fin, nous vous demandons de respecter les règles de coexistence suivantes : A propos des chambres Toutes les chambres sont équipées de draps de qualité, de serviettes et d&rsquo;une bouteille d&rsquo;eau gratuite. Les salles de bains [&hellip;]</p>
